Let p(c) = -6*c - 2. What are the prime factors of p(t)?
2, 5
Let b be -2*-1*(-9)/(-6). Suppose -b*a + 4*c - 6*c = -46, -4*a + 68 = c. What are the prime factors of a?
2, 3
List the prime factors of 5*-27*(-11)/33.
3, 5
Let y(w) = -3*w + 1. Let a be y(-1). Suppose -a*x + 3*x = -i + 4, x + 8 = 2*i. Suppose -z = -i*f - 3*z + 32, -3*f + 22 = z. List the prime factors of f.
2, 3
What are the prime factors of 24/108 - (-374)/18?
3, 7
Let b be (-3)/(-6) - 18/(-4). Suppose -3*v + 4*o = -2*v - b, -3*v - 3*o + 45 = 0. List the prime factors of v.
13
Let n(i) = i**3 + 8*i**2 - i - 8. Let q be n(-8). Let y be 2/(-1 - -2) - -1. Suppose -y*d - 3 + 12 = q. What are the prime factors of d?
3
Let s(p) = p**2 + 3*p - 2. What are the prime factors of s(2)?
2
Suppose -25 = -10*c + 5*c - 3*t, -3*t + 9 = -3*c. Suppose c*o - 20 = -2*o. List the prime factors of o.
5
Let x be 3 + -4 + (2 - 1). Suppose 4*c - 31 - 9 = x. What are the prime factors of c?
2, 5
List the prime factors of (-228)/(-3)*(-3)/(-12).
19
Let b be (-2)/3 + 76/(-12). Let h = b + 20. What are the prime factors of h?
13
Let n = -27 - -49. Suppose n = 3*m - 14. List the prime factors of m.
2, 3
Let j(p) = -2*p + 6. Let h be j(3). List the prime factors of (h + (-12)/(-9))*3.
2
Let a = 7 - 1. Let u be (52/a)/((-6)/(-18)). Let b = 39 - u. What are the prime factors of b?
13
Let q = -3 - -6. Let p = 4 + q. What are the prime factors of p?
7
Suppose 0 = -15*r + 13*r - y + 396, -3*y = -4*r + 802. What are the prime factors of r?
199
Let m be -1 + 1 + (-18)/9. Let q(k) = 7*k**2 + k + 2. Let u be q(m). List the prime factors of 22/8 - (-7)/u.
3
Let i(l) = -5*l**2 - 6*l + 21. Let j(k) = k**2 + k - 4. Let r(f) = 2*i(f) + 11*j(f). List the prime factors of r(4).
2, 5
Suppose -x = x - 6. Suppose 0 = x*d + 3*r - 4*r + 24, -8 = -d - 5*r. Let t = -3 - d. What are the prime factors of t?
2
Suppose u + u = -2*a - 28, -52 = 2*a - 4*u. Let g = a + 36. What are the prime factors of g?
2, 3
Suppose -7 = -3*g + 4*f - 0, -5*g = -2*f - 21. Let c(z) = -92*z + 2. Let s be c(2). What are the prime factors of s/(-10) + (-1)/g?
2, 3
Suppose 2*a + 3*a = -100. Let n = -1 - a. What are the prime factors of n?
19
Suppose -3*b - 23 = -3*l - l, 4*l - 13 = b. Suppose -15 = -d - l*d. List the prime factors of d.
5
Let c(u) = 4*u - 8. Let w(r) = r. Let g be w(6). What are the prime factors of c(g)?
2
List the prime factors of ((-3)/(-2))/((-15)/(-40)).
2
Let n(f) = 12*f - 28. What are the prime factors of n(7)?
2, 7
Suppose -2*t = s + s - 14, -27 = -t - 5*s. Let u(a) = 8*a - 2 - 4*a - 3*a**t + 2*a**2. List the prime factors of u(2).
2
Let k(p) = 6*p - 5. Let w(a) = 5*a**2. Let y be w(-1). List the prime factors of k(y).
5
Let d be (-3)/9 + 20/(-12). List the prime factors of 1/2 - 3/d.
2
Let f be (2/(-5))/((-1)/5). Suppose -2 = 2*u - v - f*v, 2*u + 3*v - 10 = 0. Suppose q = -u*q + 6. List the prime factors of q.
2
Let l = 0 + 2. Suppose 0*x - 68 = -3*w + l*x, -99 = -4*w + x. What are the prime factors of w?
2, 13
Let m(i) = i**2 - i - 1. Let a be m(2). Let j be a - -2 - 2 - -3. Suppose j*p + 22 = 90. What are the prime factors of p?
17
Suppose 4*q - 2 + 26 = 4*o, -3*o - 2*q + 8 = 0. Suppose -20 = -4*l - 4. Suppose -o*c + 3*c + l = 0. What are the prime factors of c?
2
Let g be (2/1)/4*-24. Let y be ((-5)/(-4))/((-3)/g). Suppose 22 = y*a - 18. What are the prime factors of a?
2
Let r(s) be the first derivative of -s**3/3 + 21*s - 1. What are the prime factors of r(0)?
3, 7
Suppose 67 = 2*t - 137. What are the prime factors of (-1)/3 + t/9?
11
Suppose -158 = -a - w, 2*w - 3*w = 4. List the prime factors of a.
2, 3
Let j(u) = 6*u**2 + 2*u + 1. Let t be j(-1). Suppose -12 = -t*i + 2*i. List the prime factors of i.
2
Suppose 3*l - 4 - 5 = 0. Let j = -1 + l. What are the prime factors of j?
2
Let c = 45 - 34. List the prime factors of c.
11
Let p = 43 - -8. List the prime factors of p.
3, 17
Let i = 93 - 54. Let h = i + -14. Suppose 5*s + h = 0, 3*q = -q + 4*s + 60. What are the prime factors of q?
2, 5
Suppose 8*q - 3*q = 4*v, v + 15 = 5*q. Suppose 3*o = -2*r + 2, -4 = o - r + 2. Let a = o + q. List the prime factors of a.
2
Let r = 36 + -30. What are the prime factors of r?
2, 3
Let y = 72 - 49. List the prime factors of y.
23
Suppose -8*q - 76 = -10*q. What are the prime factors of q?
2, 19
Let j(u) = -u**2 - 3*u - 1. Let p be j(-3). Let q be 0 - p*(-1 + 2). List the prime factors of q - (0 - 0 - 1).
2
Let w be (-6 - -1)*1/1. Let h be w*39/30*-8. Suppose -2*m - 5*j + h = 2*m, 3*j - 36 = -3*m. List the prime factors of m.
2
Let h(j) = -2*j - j**2 + 3 - 2*j - 2*j**3 + 6*j. Let s be h(-2). Suppose 2*q - s = q. List the prime factors of q.
11
Suppose -5*b = -5*q - 25, -2*b = -q + 5*q - 4. Let x = 3 + -2. Let k = b - x. List the prime factors of k.
3
Suppose 0 = 3*i + 2*y - 19, -14 = -i - 2*i - y. Let j(f) = f**2 - 4*f. Let h be j(i). What are the prime factors of -1 + (1 - 33/h)?
11
Let j = 8 - 8. Suppose -f - f + 18 = j. What are the prime factors of f?
3
Let h(y) = y**3 - y**2 - y + 2. Let f be h(0). Let p(r) = 3*r. Let k be p(f). Let v(c) = c - 4. What are the prime factors of v(k)?
2
Let h be 44*2/40*5. Let j(x) = -6*x + 13. Let b(s) = -s. Let v(q) = -5*b(q) + j(q). What are the prime factors of v(h)?
2
Let i = -260 + 375. Suppose 0*c + 2*d - i = 3*c, -5*c = 3*d + 198. List the prime factors of (-1 - 1)*c/6.
13
Let k = 87 + -70. What are the prime factors of k?
17
Suppose 4*x + 504 = 4*o, -2*x + x = -5*o + 618. What are the prime factors of o?
3, 41
Suppose -5*l = 123 - 488. List the prime factors of l.
73
Let w(u) = u - 15*u**3 - 9*u**3 + u - u. What are the prime factors of w(-1)?
23
Suppose -2*s = -2*g + 2*s + 30, 0 = -g - 4*s - 9. Let c = -4 + g. What are the prime factors of c?
3
Suppose 4*d = 19 + 17. What are the prime factors of d?
3
Let i(m) = m**3 - 29*m**2 - 24*m + 29. List the prime factors of i(30).
11, 19
Let o = -2 + 2. List the prime factors of 2 - (-2 - (-1 - o)).
3
Suppose -5*r - 3*w = -8*w - 1495, -2*r = 5*w - 563. List the prime factors of r.
2, 3, 7
Suppose -4*u = -4*w + 44, -18 = -2*w + 5*u - u. Suppose 2 = k - w. Suppose -6 = -3*f + k. What are the prime factors of f?
7
Let h = -8 + 10. Suppose 4*m + 3*z = 4*z + 56, 3*m - 42 = -h*z. What are the prime factors of m?
2, 7
Let v(h) = h - 9. Let a be v(7). Let d be ((-46)/a + 3)/2. Suppose -z + 3*i = 4*z - 27, d = 3*z - i. List the prime factors of z.
3
Suppose 0 = -0*u + 5*u - 420. What are the prime factors of u?
2, 3, 7
Suppose 4 = 3*f - 8. List the prime factors of f.
2
Let r = -11 + -1. Let z be (3 - 5)/((-2)/r). List the prime factors of ((-9)/(-2))/(z/(-16)).
2, 3
Let i(w) = -w**2 - 7*w - 2. Let l be i(-5). Suppose -3*m = -l*m + 60. List the prime factors of m.
2, 3
Let x = -2 - 4. What are the prime factors of (x/(-8))/(3/12)?
3
Suppose 3*w = 2*g - 157, 0 = g + 2*g + 4*w - 261. List the prime factors of g.
83
Let m(l) = -4*l**2 - 10*l - 2. Let a(s) = -7*s**2 - 19*s - 4. Let c(k) = -3*a(k) + 5*m(k). Let v be c(-6). What are the prime factors of (2 + 4)*v/(-6)?
2
Let s(t) = 2*t**3 - 2*t**2 + t - 1. Let m be s(-2). Let z = -8 - m. List the prime factors of z.
19
Suppose 2*g = -g - 12. Let p be ((-2)/(-3))/(g/(-30)). Suppose p*j = j + 48. List the prime factors of j.
2, 3
Suppose -u - 48 = -2*u. Suppose -5*x + 12 = 2*i - 3*x, -x = -5*i + u. List the prime factors of i.
3
Let c(j) = j**3 - 14*j**2 + 14*j - 9. Let o be c(13). Suppose 35 = r + 4*g, g = 2*g - o. List the prime factors of r.
19
Let x(l) = l**3 + 5*l**2 - l + 4. What are the prime factors of x(-5)?
3
Suppose -v - 3*n + 56 = 0, 3*v - 3 = 5*n + 95. What are the prime factors of v?
41
Let x(g) = 4 - 5*g**2 - 1 - 5 + g**3 - 10*g. List the prime factors of x(7).
2, 13
Suppose 32 = -r + 84. What are the prime factors of r?
2, 13
Let i(u) be the second derivative of 1/6*u**4 + u**2 - 2*u + 0 - 5/6*u**3. List the prime factors of i(3).
5
Let t(s) be the second derivative of -11*s**3/6 + s**2 + s. List the prime factors of t(-2).
2, 3
Let b(g) = g - 9. Let f be b(9). Suppose f = 3*i + 13 - 1. List the prime factors of (-2)/(-4) - 22/i.
2, 3
Suppose -8 + 6 = -x. Suppose -x*q + 6 = 0, -q = 4*p - 3*q - 70. List the prime factors of p.
19
Suppose 0 = 4*v - v - 12. What are the prime factors of v?
2
Let x(z) = 2*z*